{"id":421,"date":"2021-03-24T08:51:33","date_gmt":"2021-03-24T08:51:33","guid":{"rendered":"https:\/\/praia-do-canal-new.ms.decms.eu\/praia-do-canal-nature-resort-hp\/"},"modified":"2025-07-07T10:50:50","modified_gmt":"2025-07-07T10:50:50","slug":"praia-do-canal-nature-resort-hp","status":"publish","type":"page","link":"https:\/\/www.jardinsdolago.com\/pt-pt\/","title":{"rendered":"Quinta Jardins do Lago"},"content":{"rendered":"<p style=\"text-align: center\">Erguida sobre a baia do Funchal, a Quinta Jardins do Lago \u00e9 uma <em data-start=\"112\" data-end=\"129\">Quinta da Madeira <\/em>ancestral rodeada por exuberantes jardins bot\u00e2nicos, cuidadosamente cultivados ao longo dos s\u00e9culos por sucessivos guardi\u00f5es.<\/p>\n<p style=\"text-align: center\">Al\u00e9m de ref\u00fagio de beleza natural, esta\u00a0<em>Quinta Madeirense <\/em>\u00e9 um testemunho vivo da hist\u00f3ria e da cultura da ilha, entrela\u00e7ando-se com os destinos de na\u00e7\u00f5es e ecos do passado.<\/p>\n","protected":false},"excerpt":{"rendered":"<p>Erguida sobre a baia do Funchal, a Quinta Jardins do Lago \u00e9 uma Quinta da Madeira ancestral rodeada por exuberantes jardins bot\u00e2nicos, cuidadosamente cultivados ao longo dos s\u00e9culos por sucessivos guardi\u00f5es. Al\u00e9m de ref\u00fagio de beleza natural, esta\u00a0Quinta Madeirense \u00e9 um testemunho vivo da hist\u00f3ria e da cultura da ilha, entrela\u00e7ando-se com os destinos de [&hellip;]<\/p>\n","protected":false},"author":6,"featured_media":0,"parent":0,"menu_order":0,"comment_status":"closed","ping_status":"closed","template":"","meta":{"footnotes":""},"categories":[],"class_list":["post-421","page","type-page","status-publish","hentry"],"yoast_head":"<!-- This site is optimized with the Yoast SEO plugin v26.9 - https:\/\/yoast.com\/product\/yoast-seo-wordpress\/ -->\n<title>Quinta Jardins do Lago - Quinta Jardins do Lago -<\/title>\n<meta name=\"description\" content=\"Erguida sobre a baia do Funchal, a Quinta Jardins do Lago \u00e9 uma Quinta da Madeira ancestral rodeada por exuberantes jardins bot\u00e2nicos, cuidadosamente cultivados ao longo dos s\u00e9culos por sucessivos guardi\u00f5es. Al\u00e9m de ref\u00fagio de beleza natural, esta\u00a0Quinta Madeirense \u00e9 um testemunho vivo da hist\u00f3ria e da cultura da ilha, entrela\u00e7ando-se com os destinos de na\u00e7\u00f5es e ecos do passado..\" \/>\n<meta name=\"robots\" content=\"index, follow, max-snippet:-1, max-image-preview:large, max-video-preview:-1\" \/>\n<link rel=\"canonical\" href=\"https:\/\/www.jardinsdolago.com\/pt-pt\/\" \/>\n<meta property=\"og:locale\" content=\"pt_PT\" \/>\n<meta property=\"og:type\" content=\"article\" \/>\n<meta property=\"og:title\" content=\"Praia do Canal Nature Resort\" \/>\n<meta property=\"og:description\" content=\"Erguida sobre a baia do Funchal, a Quinta Jardins do Lago \u00e9 uma Quinta da Madeira ancestral rodeada por exuberantes jardins bot\u00e2nicos, cuidadosamente cultivados ao longo dos s\u00e9culos por sucessivos guardi\u00f5es. Al\u00e9m de ref\u00fagio de beleza natural, esta\u00a0Quinta Madeirense \u00e9 um testemunho vivo da hist\u00f3ria e da cultura da ilha, entrela\u00e7ando-se com os destinos de na\u00e7\u00f5es e ecos do passado..\" \/>\n<meta property=\"og:url\" content=\"https:\/\/www.jardinsdolago.com\/pt-pt\/\" \/>\n<meta property=\"og:site_name\" content=\"Quinta Jardins do Lago\" \/>\n<meta property=\"article:publisher\" content=\"https:\/\/www.facebook.com\/quintajardinsdolago\" \/>\n<meta property=\"article:modified_time\" content=\"2025-07-07T10:50:50+00:00\" \/>\n<meta property=\"og:image\" content=\"https:\/\/www.jardinsdolago.com\/wp-content\/uploads\/sites\/564\/2024\/10\/DJI_0461_16x9.jpg\" \/>\n\t<meta property=\"og:image:width\" content=\"1920\" \/>\n\t<meta property=\"og:image:height\" content=\"1080\" \/>\n\t<meta property=\"og:image:type\" content=\"image\/jpeg\" \/>\n<meta name=\"twitter:card\" content=\"summary_large_image\" \/>\n<meta name=\"twitter:label1\" content=\"Est. reading time\" \/>\n\t<meta name=\"twitter:data1\" content=\"1 minuto\" \/>\n<script type=\"application\/ld+json\" class=\"yoast-schema-graph\">{\"@context\":\"https:\/\/schema.org\",\"@graph\":[{\"@type\":\"WebPage\",\"@id\":\"https:\/\/www.jardinsdolago.com\/pt-pt\/\",\"url\":\"https:\/\/www.jardinsdolago.com\/pt-pt\/\",\"name\":\"Quinta Jardins do Lago - Quinta Jardins do Lago -\",\"isPartOf\":{\"@id\":\"https:\/\/www.jardinsdolago.com\/pt-pt\/#website\"},\"datePublished\":\"2021-03-24T08:51:33+00:00\",\"dateModified\":\"2025-07-07T10:50:50+00:00\",\"description\":\"Erguida sobre a baia do Funchal, a Quinta Jardins do Lago \u00e9 uma Quinta da Madeira ancestral rodeada por exuberantes jardins bot\u00e2nicos, cuidadosamente cultivados ao longo dos s\u00e9culos por sucessivos guardi\u00f5es. Al\u00e9m de ref\u00fagio de beleza natural, esta\u00a0Quinta Madeirense \u00e9 um testemunho vivo da hist\u00f3ria e da cultura da ilha, entrela\u00e7ando-se com os destinos de na\u00e7\u00f5es e ecos do passado. .\",\"breadcrumb\":{\"@id\":\"https:\/\/www.jardinsdolago.com\/pt-pt\/#breadcrumb\"},\"inLanguage\":\"pt-PT\",\"potentialAction\":[{\"@type\":\"ReadAction\",\"target\":[\"https:\/\/www.jardinsdolago.com\/pt-pt\/\"]}]},{\"@type\":\"BreadcrumbList\",\"@id\":\"https:\/\/www.jardinsdolago.com\/pt-pt\/#breadcrumb\",\"itemListElement\":[{\"@type\":\"ListItem\",\"position\":1,\"name\":\"Home\",\"item\":\"https:\/\/www.jardinsdolago.com\/pt-pt\/\"},{\"@type\":\"ListItem\",\"position\":2,\"name\":\"Quinta Jardins do Lago\"}]},{\"@type\":\"WebSite\",\"@id\":\"https:\/\/www.jardinsdolago.com\/pt-pt\/#website\",\"url\":\"https:\/\/www.jardinsdolago.com\/pt-pt\/\",\"name\":\"Quinta Jardins do Lago\",\"description\":\"\",\"publisher\":{\"@id\":\"https:\/\/www.jardinsdolago.com\/pt-pt\/#organization\"},\"alternateName\":\"Quinta Jardins do Lago\",\"potentialAction\":[{\"@type\":\"SearchAction\",\"target\":{\"@type\":\"EntryPoint\",\"urlTemplate\":\"https:\/\/www.jardinsdolago.com\/pt-pt\/?s={search_term_string}\"},\"query-input\":{\"@type\":\"PropertyValueSpecification\",\"valueRequired\":true,\"valueName\":\"search_term_string\"}}],\"inLanguage\":\"pt-PT\"},{\"@type\":\"Organization\",\"@id\":\"https:\/\/www.jardinsdolago.com\/pt-pt\/#organization\",\"name\":\"Quinta Jardins do Lago\",\"url\":\"https:\/\/www.jardinsdolago.com\/pt-pt\/\",\"logo\":{\"@type\":\"ImageObject\",\"inLanguage\":\"pt-PT\",\"@id\":\"https:\/\/www.jardinsdolago.com\/pt-pt\/#\/schema\/logo\/image\/\",\"url\":\"https:\/\/www.jardinsdolago.com\/wp-content\/uploads\/sites\/564\/2024\/07\/QJL_400X400.svg\",\"contentUrl\":\"https:\/\/www.jardinsdolago.com\/wp-content\/uploads\/sites\/564\/2024\/07\/QJL_400X400.svg\",\"width\":400,\"height\":400,\"caption\":\"Quinta Jardins do Lago\"},\"image\":{\"@id\":\"https:\/\/www.jardinsdolago.com\/pt-pt\/#\/schema\/logo\/image\/\"},\"sameAs\":[\"https:\/\/www.facebook.com\/quintajardinsdolago\",\"https:\/\/www.instagram.com\/quintajardinsdolago\/\"]}]}<\/script>\n<!-- \/ Yoast SEO plugin. -->","yoast_head_json":{"title":"Quinta Jardins do Lago - Quinta Jardins do Lago -","description":"Erguida sobre a baia do Funchal, a Quinta Jardins do Lago \u00e9 uma Quinta da Madeira ancestral rodeada por exuberantes jardins bot\u00e2nicos, cuidadosamente cultivados ao longo dos s\u00e9culos por sucessivos guardi\u00f5es. Al\u00e9m de ref\u00fagio de beleza natural, esta\u00a0Quinta Madeirense \u00e9 um testemunho vivo da hist\u00f3ria e da cultura da ilha, entrela\u00e7ando-se com os destinos de na\u00e7\u00f5es e ecos do passado..","robots":{"index":"index","follow":"follow","max-snippet":"max-snippet:-1","max-image-preview":"max-image-preview:large","max-video-preview":"max-video-preview:-1"},"canonical":"https:\/\/www.jardinsdolago.com\/pt-pt\/","og_locale":"pt_PT","og_type":"article","og_title":"Praia do Canal Nature Resort","og_description":"Erguida sobre a baia do Funchal, a Quinta Jardins do Lago \u00e9 uma Quinta da Madeira ancestral rodeada por exuberantes jardins bot\u00e2nicos, cuidadosamente cultivados ao longo dos s\u00e9culos por sucessivos guardi\u00f5es. Al\u00e9m de ref\u00fagio de beleza natural, esta\u00a0Quinta Madeirense \u00e9 um testemunho vivo da hist\u00f3ria e da cultura da ilha, entrela\u00e7ando-se com os destinos de na\u00e7\u00f5es e ecos do passado..","og_url":"https:\/\/www.jardinsdolago.com\/pt-pt\/","og_site_name":"Quinta Jardins do Lago","article_publisher":"https:\/\/www.facebook.com\/quintajardinsdolago","article_modified_time":"2025-07-07T10:50:50+00:00","og_image":[{"width":1920,"height":1080,"url":"https:\/\/www.jardinsdolago.com\/wp-content\/uploads\/sites\/564\/2024\/10\/DJI_0461_16x9.jpg","type":"image\/jpeg"}],"twitter_card":"summary_large_image","twitter_misc":{"Est. reading time":"1 minuto"},"schema":{"@context":"https:\/\/schema.org","@graph":[{"@type":"WebPage","@id":"https:\/\/www.jardinsdolago.com\/pt-pt\/","url":"https:\/\/www.jardinsdolago.com\/pt-pt\/","name":"Quinta Jardins do Lago - Quinta Jardins do Lago -","isPartOf":{"@id":"https:\/\/www.jardinsdolago.com\/pt-pt\/#website"},"datePublished":"2021-03-24T08:51:33+00:00","dateModified":"2025-07-07T10:50:50+00:00","description":"Erguida sobre a baia do Funchal, a Quinta Jardins do Lago \u00e9 uma Quinta da Madeira ancestral rodeada por exuberantes jardins bot\u00e2nicos, cuidadosamente cultivados ao longo dos s\u00e9culos por sucessivos guardi\u00f5es. Al\u00e9m de ref\u00fagio de beleza natural, esta\u00a0Quinta Madeirense \u00e9 um testemunho vivo da hist\u00f3ria e da cultura da ilha, entrela\u00e7ando-se com os destinos de na\u00e7\u00f5es e ecos do passado. .","breadcrumb":{"@id":"https:\/\/www.jardinsdolago.com\/pt-pt\/#breadcrumb"},"inLanguage":"pt-PT","potentialAction":[{"@type":"ReadAction","target":["https:\/\/www.jardinsdolago.com\/pt-pt\/"]}]},{"@type":"BreadcrumbList","@id":"https:\/\/www.jardinsdolago.com\/pt-pt\/#breadcrumb","itemListElement":[{"@type":"ListItem","position":1,"name":"Home","item":"https:\/\/www.jardinsdolago.com\/pt-pt\/"},{"@type":"ListItem","position":2,"name":"Quinta Jardins do Lago"}]},{"@type":"WebSite","@id":"https:\/\/www.jardinsdolago.com\/pt-pt\/#website","url":"https:\/\/www.jardinsdolago.com\/pt-pt\/","name":"Quinta Jardins do Lago","description":"","publisher":{"@id":"https:\/\/www.jardinsdolago.com\/pt-pt\/#organization"},"alternateName":"Quinta Jardins do Lago","potentialAction":[{"@type":"SearchAction","target":{"@type":"EntryPoint","urlTemplate":"https:\/\/www.jardinsdolago.com\/pt-pt\/?s={search_term_string}"},"query-input":{"@type":"PropertyValueSpecification","valueRequired":true,"valueName":"search_term_string"}}],"inLanguage":"pt-PT"},{"@type":"Organization","@id":"https:\/\/www.jardinsdolago.com\/pt-pt\/#organization","name":"Quinta Jardins do Lago","url":"https:\/\/www.jardinsdolago.com\/pt-pt\/","logo":{"@type":"ImageObject","inLanguage":"pt-PT","@id":"https:\/\/www.jardinsdolago.com\/pt-pt\/#\/schema\/logo\/image\/","url":"https:\/\/www.jardinsdolago.com\/wp-content\/uploads\/sites\/564\/2024\/07\/QJL_400X400.svg","contentUrl":"https:\/\/www.jardinsdolago.com\/wp-content\/uploads\/sites\/564\/2024\/07\/QJL_400X400.svg","width":400,"height":400,"caption":"Quinta Jardins do Lago"},"image":{"@id":"https:\/\/www.jardinsdolago.com\/pt-pt\/#\/schema\/logo\/image\/"},"sameAs":["https:\/\/www.facebook.com\/quintajardinsdolago","https:\/\/www.instagram.com\/quintajardinsdolago\/"]}]}},"acf":[],"_links":{"self":[{"href":"https:\/\/www.jardinsdolago.com\/pt-pt\/wp-json\/wp\/v2\/pages\/421","targetHints":{"allow":["GET"]}}],"collection":[{"href":"https:\/\/www.jardinsdolago.com\/pt-pt\/wp-json\/wp\/v2\/pages"}],"about":[{"href":"https:\/\/www.jardinsdolago.com\/pt-pt\/wp-json\/wp\/v2\/types\/page"}],"author":[{"embeddable":true,"href":"https:\/\/www.jardinsdolago.com\/pt-pt\/wp-json\/wp\/v2\/users\/6"}],"replies":[{"embeddable":true,"href":"https:\/\/www.jardinsdolago.com\/pt-pt\/wp-json\/wp\/v2\/comments?post=421"}],"version-history":[{"count":0,"href":"https:\/\/www.jardinsdolago.com\/pt-pt\/wp-json\/wp\/v2\/pages\/421\/revisions"}],"wp:attachment":[{"href":"https:\/\/www.jardinsdolago.com\/pt-pt\/wp-json\/wp\/v2\/media?parent=421"}],"wp:term":[{"taxonomy":"category","embeddable":true,"href":"https:\/\/www.jardinsdolago.com\/pt-pt\/wp-json\/wp\/v2\/categories?post=421"}],"curies":[{"name":"wp","href":"https:\/\/api.w.org\/{rel}","templated":true}]}}

<p style="text-align: center">Erguida sobre a baia do Funchal, a Quinta Jardins do Lago é uma <em data-start="112" data-end="129">Quinta da Madeira </em>ancestral rodeada por exuberantes jardins botânicos, cuidadosamente cultivados ao longo dos séculos por sucessivos guardiões.</p>
<p style="text-align: center">Além de refúgio de beleza natural, esta <em>Quinta Madeirense </em>é um testemunho vivo da história e da cultura da ilha, entrelaçando-se com os destinos de nações e ecos do passado.</p>

<p>Erguida sobre a baia do Funchal, a Quinta Jardins do Lago é uma Quinta da Madeira ancestral rodeada por exuberantes jardins botânicos, cuidadosamente cultivados ao longo dos séculos por sucessivos guardiões. Além de refúgio de beleza natural, esta Quinta Madeirense é um testemunho vivo da história e da cultura da ilha, entrelaçando-se com os destinos de [&hellip;]</p>

<!-- This site is optimized with the Yoast SEO plugin v26.9 - https://yoast.com/product/yoast-seo-wordpress/ -->
<title>Quinta Jardins do Lago - Quinta Jardins do Lago -</title>
<meta name="description" content="Erguida sobre a baia do Funchal, a Quinta Jardins do Lago é uma Quinta da Madeira ancestral rodeada por exuberantes jardins botânicos, cuidadosamente cultivados ao longo dos séculos por sucessivos guardiões. Além de refúgio de beleza natural, esta Quinta Madeirense é um testemunho vivo da história e da cultura da ilha, entrelaçando-se com os destinos de nações e ecos do passado.." />
<meta name="robots" content="index, follow, max-snippet:-1, max-image-preview:large, max-video-preview:-1" />
<link rel="canonical" href="https://www.jardinsdolago.com/pt-pt/" />
<meta property="og:locale" content="pt_PT" />
<meta property="og:type" content="article" />
<meta property="og:title" content="Praia do Canal Nature Resort" />
<meta property="og:description" content="Erguida sobre a baia do Funchal, a Quinta Jardins do Lago é uma Quinta da Madeira ancestral rodeada por exuberantes jardins botânicos, cuidadosamente cultivados ao longo dos séculos por sucessivos guardiões. Além de refúgio de beleza natural, esta Quinta Madeirense é um testemunho vivo da história e da cultura da ilha, entrelaçando-se com os destinos de nações e ecos do passado.." />
<meta property="og:url" content="https://www.jardinsdolago.com/pt-pt/" />
<meta property="og:site_name" content="Quinta Jardins do Lago" />
<meta property="article:publisher" content="https://www.facebook.com/quintajardinsdolago" />
<meta property="article:modified_time" content="2025-07-07T10:50:50+00:00" />
<meta property="og:image" content="https://www.jardinsdolago.com/wp-content/uploads/sites/564/2024/10/DJI_0461_16x9.jpg" />
	<meta property="og:image:width" content="1920" />
	<meta property="og:image:height" content="1080" />
	<meta property="og:image:type" content="image/jpeg" />
<meta name="twitter:card" content="summary_large_image" />
<meta name="twitter:label1" content="Est. reading time" />
	<meta name="twitter:data1" content="1 minuto" />
<script type="application/ld+json" class="yoast-schema-graph">{"@context":"https://schema.org","@graph":[{"@type":"WebPage","@id":"https://www.jardinsdolago.com/pt-pt/","url":"https://www.jardinsdolago.com/pt-pt/","name":"Quinta Jardins do Lago - Quinta Jardins do Lago -","isPartOf":{"@id":"https://www.jardinsdolago.com/pt-pt/#website"},"datePublished":"2021-03-24T08:51:33+00:00","dateModified":"2025-07-07T10:50:50+00:00","description":"Erguida sobre a baia do Funchal, a Quinta Jardins do Lago é uma Quinta da Madeira ancestral rodeada por exuberantes jardins botânicos, cuidadosamente cultivados ao longo dos séculos por sucessivos guardiões. Além de refúgio de beleza natural, esta Quinta Madeirense é um testemunho vivo da história e da cultura da ilha, entrelaçando-se com os destinos de nações e ecos do passado. .","breadcrumb":{"@id":"https://www.jardinsdolago.com/pt-pt/#breadcrumb"},"inLanguage":"pt-PT","potentialAction":[{"@type":"ReadAction","target":["https://www.jardinsdolago.com/pt-pt/"]}]},{"@type":"BreadcrumbList","@id":"https://www.jardinsdolago.com/pt-pt/#breadcrumb","itemListElement":[{"@type":"ListItem","position":1,"name":"Home","item":"https://www.jardinsdolago.com/pt-pt/"},{"@type":"ListItem","position":2,"name":"Quinta Jardins do Lago"}]},{"@type":"WebSite","@id":"https://www.jardinsdolago.com/pt-pt/#website","url":"https://www.jardinsdolago.com/pt-pt/","name":"Quinta Jardins do Lago","description":"","publisher":{"@id":"https://www.jardinsdolago.com/pt-pt/#organization"},"alternateName":"Quinta Jardins do Lago","potentialAction":[{"@type":"SearchAction","target":{"@type":"EntryPoint","urlTemplate":"https://www.jardinsdolago.com/pt-pt/?s={search_term_string}"},"query-input":{"@type":"PropertyValueSpecification","valueRequired":true,"valueName":"search_term_string"}}],"inLanguage":"pt-PT"},{"@type":"Organization","@id":"https://www.jardinsdolago.com/pt-pt/#organization","name":"Quinta Jardins do Lago","url":"https://www.jardinsdolago.com/pt-pt/","logo":{"@type":"ImageObject","inLanguage":"pt-PT","@id":"https://www.jardinsdolago.com/pt-pt/#/schema/logo/image/","url":"https://www.jardinsdolago.com/wp-content/uploads/sites/564/2024/07/QJL_400X400.svg","contentUrl":"https://www.jardinsdolago.com/wp-content/uploads/sites/564/2024/07/QJL_400X400.svg","width":400,"height":400,"caption":"Quinta Jardins do Lago"},"image":{"@id":"https://www.jardinsdolago.com/pt-pt/#/schema/logo/image/"},"sameAs":["https://www.facebook.com/quintajardinsdolago","https://www.instagram.com/quintajardinsdolago/"]}]}</script>
<!-- / Yoast SEO plugin. -->

Erguida sobre a baia do Funchal, a Quinta Jardins do Lago é uma Quinta da Madeira ancestral rodeada por exuberantes jardins botânicos, cuidadosamente cultivados ao longo dos séculos por sucessivos guardiões. Além de refúgio de beleza natural, esta Quinta Madeirense é um testemunho vivo da história e da cultura da ilha, entrelaçando-se com os destinos de nações e ecos do passado..

Erguida sobre a baia do Funchal, a Quinta Jardins do Lago é uma Quinta da Madeira ancestral rodeada por exuberantes jardins botânicos, cuidadosamente cultivados ao longo dos séculos por sucessivos guardiões. Além de refúgio de beleza natural, esta Quinta Madeirense é um testemunho vivo da história e da cultura da ilha, entrelaçando-se com os destinos de nações e ecos do passado. .
